vided by f.
5
Let n(b) = 5*b**2 + 5*b - 4. Suppose x - 18 = -3*y, -y = 2*x - 4*y - 9. Calculate the remainder when x is divided by n(1).
3
Suppose -21*w = 3*w - 1464. Calculate the remainder when 178 is divided by w.
56
What is the remainder when 104 is divided by (-116 - -46)*((-5)/(-7) - 1)?
4
Suppose 81 = 2*p - i, -4*p = -2*p - 3*i - 75. Suppose -307 = 5*b + 583. What is the remainder when p is divided by (-2)/8 + b/(-8)?
20
Let k(f) = 15*f - 12. Let a(q) = -5*q + 4. Let v(x) = 8*a(x) + 3*k(x). Suppose 1352 - 1142 = 5*j. What is the remainder when j is divided by v(3)?
9
Let r = -302 - -318. Calculate the remainder when 93 is divided by r.
13
Suppose -323*s = -318*s - 290. What is the remainder when s is divided by 50?
8
Let v = -91 + 24. Let p = v + 113. Calculate the remainder when p is divided by 10.
6
Suppose 7*z = 2*z + 20. Let h(j) = j**3 + j**2 - 3*j - 2. Suppose 4*s + 62 = 2*o, -o = -0*o + 4*s - 7. Calculate the remainder when h(z) is divided by o.
20
Suppose 116*b = 123*b - 77. Calculate the remainder when 129 is divided by b.
8
Let n(m) be the first derivative of m**3/3 + m**2 - 10*m - 2. What is the remainder when 149 is divided by n(-8)?
35
Let d(s) = 2*s**2 + 36*s - 305. Suppose -5*g + 1031 = 366. What is the remainder when g is divided by d(7)?
43
Let i be ((-2)/6)/(22/7986). Let u = i + 140. Calculate the remainder when 70 is divided by u.
13
Let u(i) = -7*i - 8. Calculate the remainder when (-4 - 664/(-6)) + 1/3 is divided by u(-5).
26
Suppose 5*t + 101*q - 105*q - 297 = 0, 5*q = 5*t - 295. Calculate the remainder when 188 is divided by t.
5
Suppose -9*w = -4*w - 210. What is the remainder when w is divided by 6?
0
Suppose -3*m - 1014 = -9*m. Calculate the remainder when m is divided by 19.
17
Let j be 1805/55 - 4/(-22). Suppose -z + j = -l - 31, l + 4 = 0. Suppose 4*u - z + 20 = 0. What is the remainder when 27 is divided by u?
7
Suppose 5*c - 2 = 18. Suppose -43*v = 46*v - 67 - 2959. Calculate the remainder when v is divided by c.
2
Let g(l) = l**2 + 6*l - 19. Let i be g(5). Calculate the remainder when (38 - i)/(((-4)/45)/(-2)) is divided by 23.
22
Suppose -7*z + 5*z = -178. Suppose -z = -2*g - 15. Let h = 60 - g. What is the remainder when h is divided by 8?
7
Suppose 0 = a + 9 - 57. Let s = a - 24. What is the remainder when s is divided by 13?
11
Let h be (-91)/(-4) + 5/20. Suppose -3*m + 10 + h = 0. What is the remainder when 64 is divided by m?
9
Let d(x) = -5*x + 1. Let p(c) = 24*c**2 - 3*c + 1. Let s(v) = v**2 + v - 1. Let m be s(1). What is the remainder when p(m) is divided by d(-1)?
4
Suppose -l - 14*k + 322 = -16*k, -k = -l + 326. Calculate the remainder when l is divided by 158.
14
Let a be (1 + 0)/(0 - 5/(-50)). Let k(v) = -2*v + 32. What is the remainder when 81 is divided by k(a)?
9
Let m(u) = 2*u + 10. Let i be m(-4). Suppose -i*r - 7 = -z - 79, z = -2*r + 72. What is the remainder when r is divided by 13?
10
Suppose -580*q + 574*q = -30. What is the remainder when 14 is divided by q?
4
Let h(d) be the second derivative of d**5/20 - 7*d**4/12 - 7*d**3/6 + d**2 - 4*d. Suppose -3*r = -6*r + 111. Calculate the remainder when r is divided by h(8).
7
Suppose -10*q + 252 = -q. What is the remainder when 584 is divided by q?
24
Let s be 0 + (-948)/(-4)*-1. Let t = s + 343. Calculate the remainder when t is divided by 37.
32
Let o = 76 - 48. Let n = o - -24. What is the remainder when n is divided by 18?
16
Let g(i) = i**3 - 14*i**2 + 6*i - 19. Let l be g(14). Let d = 105 - l. What is the remainder when 77 is divided by d?
37
Suppose 5*c = -4*y + 10 + 48, 2*c + 2*y = 22. Suppose -u + 13*m + 130 = 14*m, 2*u - 211 = 5*m. What is the remainder when u is divided by c?
11
Let m be 4/6 + 2/(-3). Suppose m = v - q - 6, 3*v + 4 + 2 = -5*q. Suppose -x - 4 = -5*j, 0*j - v*j = -4*x + 35. Calculate the remainder when 32 is divided by x.
10
Suppose 0 = -j + 5, -2*m + 4*j + 21 = -59. Let q = m + -39. What is the remainder when 20 is divided by q?
9
Let f be (62/(-93))/((1/12)/1). Let b = 6 - 0. What is the remainder when b is divided by (f/(-12))/(-2)*-6?
0
Suppose -26 - 22 = -4*x. What is the remainder when 100/3 + (-5)/15 is divided by x?
9
Suppose -96*c - 2072 = -3533 - 2667. Let r(p) = 2*p**2 - 9*p - 10. Calculate the remainder when c is divided by r(7).
18
Let q = -1890 + 1903. Calculate the remainder when 114 is divided by q.
10
Suppose 27*d - 36*d + 21951 = 0. Calculate the remainder when d is divided by 10.
9
Suppose -5*i = s + 4, 2*i - 6*i = 4*s. Suppose -4*n - 3*r = -s, -3*n = n - r - 21. Let l = n + 3. What is the remainder when 11 is divided by l?
4
Suppose -8 - 2 = -5*d. Suppose -34 - 92 = -d*u. Calculate the remainder when u is divided by 32.
31
Let m be (-3131)/(-13) - (-6)/39. Suppose -m = 9*s - 718. What is the remainder when s is divided by 21?
11
Let j = -98 - -157. Suppose 0 = -3*d + 33 + 12. Calculate the remainder when j is divided by d.
14
Let g(y) = y**2 + 9*y + 16. What is the remainder when 44 is divided by g(-9)?
12
Let y(b) = -54*b. Let x be y(2). Let q = x - -168. Let w = 101 - 80. Calculate the remainder when q is divided by w.
18
Suppose 4*p - 4*l = 76, -3*l - 30 = -5*p + 63. Suppose 0*s + p = 3*s. What is the remainder when 26 is divided by s?
2
Suppose -t + 6656 = 6606. What is the remainder when 1748 is divided by t?
48
Suppose -37 - 153 = -5*y. Let z be 37 - -1 - (0 + -2). Suppose 4*r - z = 12. What is the remainder when y is divided by r?
12
Let s = -10 + 10. Suppose 2*w - 108 - 34 = s. Let f(q) = q**3 - 5*q**2 + 4*q - 2. What is the remainder when w is divided by f(5)?
17
Let h be (-1 - (3 - 7)) + -2. Let i be 0 - h - (-1 - -4). Calculate the remainder when 49 is divided by 15 - (i/2 - -4).
10
Let i = 1138 - 1134. Let m be (6*5)/((-3)/(-8)). Suppose i*g - m = -8. What is the remainder when g is divided by 5?
3
Suppose -d - 1 = -3*u + 1, 3*u + 2 = 2*d. Let n = -22 - -102. Suppose 5*b - n = -4*t, 2*b + 9 = t + u. What is the remainder when t is divided by 6?
3
Suppose 12 = 5*n + 4*j - 3*j, 2*j + 6 = 5*n. Suppose 0*z = n*z + 4, -4*z = -2*l + 22. What is the remainder when 48 is divided by l?
6
Suppose -h = h - 28. Suppose -f = -8*f + 21. Suppose -5*v + 130 = 3*d, d - 8 = -f*v + 38. What is the remainder when d is divided by h?
12
Let u(k) = -12*k**3 + k**2 + 2*k + 2. Let x = -1 + -1. Suppose 3*j - 5*j = -50. What is the remainder when u(x) is divided by j?
23
Let m be -4*-3*33/(-18). Let j = 40 + m. What is the remainder when j is divided by 4?
2
Suppose s - u = -0*u - 1, 0 = -u - 1. Calculate the remainder when 55 is divided by (-12)/(-1) + (0 - s).
13
Let a(c) = -17*c + 18. What is the remainder when a(-2) is divided by 9?
7
Suppose -9 = 3*h - 24. Suppose -4*f + 12 = 2*p - 2, 90 = h*p - f. What is the remainder when 19/(-38)*(-3)/(6/268) is divided by p?
16
Suppose -29*c - 511 + 2483 = 0. What is the remainder when c is divided by 24?
20
Suppose o = 4*m + 25, -5*m - 89 = 3*o - 7*o. Let d(s) = s - 1. Let j be d(-5). What is the remainder when j/39 + 522/13 is divided by o?
19
Calculate the remainder when 704 is divided by 2 + 24/(-11) - (-7791)/77.
98
Let a be -2*-1*(-5)/(-2). Suppose 68 = 4*z - 4*q, 2*z + a*q - 43 = -z. Calculate the remainder when 45 is divided by z.
13
Let a = -637 - -658. What is the remainder when 82 is divided by a?
19
Let a be -5*(-6)/(-15)*-1. Suppose -a*d + 220 = -0*d. Let i = d + -65. What is the remainder when i is divided by 12?
9
Let t(h) = h**2 + 3*h - 13. Let u(w) = -4*w + 17. Calculate the remainder when u(2) is divided by t(-6).
4
Suppose 3*s = 2288 - 2147. Calculate the remainder when s is divided by 3.
2
Suppose 12936 = -2*v + 12942. Calculate the remainder when 40 is divided by v.
1
Let j(x) = 3*x**2 + 8*x + 51. Calculate the remainder when j(-6) is divided by 160/12 - 6/(-9).
13
Suppose 2*o - 23 = 5*p - 6*p, 0 = -5*p - 25. Calculate the remainder when 80 is divided by o.
10
Let z(d) = -2*d**2 + 11*d - 4. Let j be z(3). Suppose 4*t + 3 = -o - 2, 0 = 2*o + t - j. What is the remainder when 27*(1 + 0 + 0) is divided by o?
6
Let h(t) = -3*t**2 + 8*t - 1. Let y(b) = -b**2 - b - 1. Let a(n) = -h(n) + 2*y(n). What is the remainder when a(-5) is divided by 19?
17
Let k = 160 - 132. What is the remainder when 45 is divided by k?
17
Suppose -d + 191 = 4*u, -2*d